{"id":995,"date":"2022-06-11T21:33:32","date_gmt":"2022-06-11T19:33:32","guid":{"rendered":"https:\/\/www.ev-brg-schloss-wagrain.at\/blog\/?page_id=995"},"modified":"2024-11-28T19:24:36","modified_gmt":"2024-11-28T18:24:36","slug":"start","status":"publish","type":"page","link":"https:\/\/www.ev-brg-schloss-wagrain.at\/a\/","title":{"rendered":"Start"},"content":{"rendered":"\n<div class=\"wp-block-group alignwide is-layout-flow wp-block-group-is-layout-flow\"><div class=\"lightweight-accordion bordered\"><details><summary class=\"lightweight-accordion-title\"><span>Was macht ein Elternverein?<\/span><\/summary><div class=\"lightweight-accordion-body\">\n\n<ul class=\"wp-block-list\">\n<li>Interessensvertretung f\u00fcr alle Eltern (Ansprache bei W\u00fcnschen, Vorschl\u00e4gen und Beschwerden).<br>Die Vertreter:innen werden von den einzelnen Klassen bestimmt und gew\u00e4hlt<\/li>\n\n\n\n<li>Kooperatives Zusammenarbeiten mit Eltern, Lehrer und Schulleitung<\/li>\n\n\n\n<li>F\u00f6rdert die Gemeinschaft in der Schule<\/li>\n\n\n\n<li>Mitglied im SGA (Schulgemeinschaftsausschuss)<\/li>\n\n\n\n<li>Ist f\u00fcr alle Eltern und Erziehungsberechtigten zug\u00e4nglich und offen<\/li>\n\n\n\n<li>Unterst\u00fctzt mit Mitgliedsbeitr\u00e4gen das schulische Leben (siehe F\u00f6rderungen)<\/li>\n<\/ul>\n\n\n\n<p>Der Elternverein h\u00e4lt 1x j\u00e4hrlich eine Jahreshauptversammlung ab, dar\u00fcber hinaus finden in unregelm\u00e4\u00dfigen Abst\u00e4nden Elternverein-Ausschusssitzungen statt.<\/p>\n\n<\/div><\/details><\/div>\n\n<div class=\"lightweight-accordion bordered\"><details><summary class=\"lightweight-accordion-title\"><span>Die Aufgaben des Elternvereins?<\/span><\/summary><div class=\"lightweight-accordion-body\">\n\n<ul class=\"wp-block-list\">\n<li>F\u00f6rderung der Erziehung und des Unterrichtes gemeinsam mit der Schule<\/li>\n\n\n\n<li>Einhaltung des Schulunterrichtsgesetzes<\/li>\n\n\n\n<li>Der Verein ins nicht auf Gewinn ausgerichtet<\/li>\n<\/ul>\n\n<\/div><\/details><\/div>\n\n<div class=\"lightweight-accordion bordered\"><details><summary class=\"lightweight-accordion-title\"><span>Wie setzt sich der Elternverein zusammen?<\/span><\/summary><div class=\"lightweight-accordion-body\">\n\n<ul class=\"wp-block-list\">\n<li>Generalversammlung (1x im Jahr)<\/li>\n\n\n\n<li><a href=\"https:\/\/www.ev-brg-schloss-wagrain.at\/a\/vorstand\/\" data-type=\"page\" data-id=\"1021\">Vorstand <\/a>(6 Mitglieder)<\/li>\n\n\n\n<li>Rechnungspr\u00fcfer<\/li>\n\n\n\n<li>Schiedsgericht<\/li>\n<\/ul>\n\n\n\n<p>Der Vorstand trifft sich regelm\u00e4\u00dfig zu Arbeitssitzungen. Sie sind herzlich eingeladen, aktiv &#8211; etwa in Form einer Beiratsfunktion &#8211; mitzuwirken.<\/p>\n\n\n\n<p>Kontaktieren Sie uns einfach: <a href=\"mailto:ev.brgvb@outlook.com\">mailto:ev.brgvb@outlook.com<\/a><\/p>\n\n<\/div><\/details><\/div>\n\n<div class=\"lightweight-accordion bordered\"><details><summary class=\"lightweight-accordion-title\"><span>Elternvereinsbeitrag und Finanzen<\/span><\/summary><div class=\"lightweight-accordion-body\">\n\n<p>Alle Eltern bzw. Erziehungsberechtigten von Sch\u00fclerinnen und Sch\u00fclern des BRG Schloss Wagrain werden durch den Eintritt ihrer Kinder zu ordentlichen Mitgliedern des Elternvereins und m\u00fcssen demnach den Mitgliedsbeitrag von \u20ac 16 pro Schuljahr bezahlen.<\/p>\n\n\n\n<p>Neben diesen Mitgliedsbeitr\u00e4gen erwirtschaftet der Elternverein Erl\u00f6se aus diversen schulbezogenen Veranstaltungen.<\/p>\n\n\n\n<p>In der Jahreshauptversammlung des Vereins wird ein Rechenschaftsbericht \u00fcber die Aktivit\u00e4ten und finanziellen Gebarungen der vorangegangenen Funktionsperiode abgelegt.<\/p>\n\n<\/div><\/details><\/div>\n\n<div class=\"lightweight-accordion bordered\"><details><summary class=\"lightweight-accordion-title\"><span>F\u00f6rderungen der Sch\u00fcler:innen<\/span><\/summary><div class=\"lightweight-accordion-body\">\n\n<p>Was geschieht mit den Beitr\u00e4gen?<\/p>\n\n\n\n<ul class=\"wp-block-list\">\n<li>Investitionen in B\u00fccher f\u00fcr die Sch\u00fcler- und Lehrerbibliothek<\/li>\n\n\n\n<li>Anschaffung diverser Turnger\u00e4te, Musikinstrumente, etc.<\/li>\n\n\n\n<li>Gew\u00e4hrung finanzieller Unterst\u00fctzung bed\u00fcrftiger Sch\u00fclerinnen und Sch\u00fcler bei Skikursen, Sprachwochen, Exkursionen und anderen Schulveranstaltungen (Die Antr\u00e4ge zur Unterst\u00fctzung finden Sie im <a rel=\"noreferrer noopener\" href=\"https:\/\/www.ev-brg-schloss-wagrain.at\/a\/downloads-fuer-eltern-schuelerinnen-und-schueler\/\" data-type=\"page\" data-id=\"814\" target=\"_blank\">Downloadbereich<\/a>)<\/li>\n\n\n\n<li>Unterst\u00fctzungen f\u00fcr Schulprojekte<\/li>\n\n\n\n<li>Veranstaltungen von Schl\u00fclerinnen und Sch\u00fclern in der und um die Schule<\/li>\n<\/ul>\n\n\n\n<p>Sollten Sie pers\u00f6nlich Bedarf an Unterst\u00fctzung haben, kontaktieren Sie uns. Es ist uns bewusst &#8211; die Aufwendung f\u00fcr die Kinder sind nicht unerheblich und soziale Bed\u00fcrftigkeit ist ein sensibles und mitunter heikles Thema. Im Zweifelsfall wenden Sie sich bitte einfach an uns.<\/p>\n\n\n\n<p>Reden wir dar\u00fcber.<\/p>\n\n<\/div><\/details><\/div>\n\n<div class=\"lightweight-accordion bordered\"><details><summary class=\"lightweight-accordion-title\"><span>Der Schulgemeinschaftsausschuss (SGA)<\/span><\/summary><div class=\"lightweight-accordion-body\">\n\n<p>In den mittleren und h\u00f6heren Schulen, den Berufsschulen und den Polytechnischen Lehrg\u00e4ngen ist zur F\u00f6rderung und Festigung der Schulgemeinschaft ein Schulgemeinschaftsausschuss zu bilden. Geregelt ist der SGA im \u00a764 <a rel=\"noreferrer noopener\" href=\"https:\/\/www.jusline.at\/gesetz\/schug\" data-type=\"URL\" data-id=\"https:\/\/www.jusline.at\/gesetz\/schug\" target=\"_blank\">Schulunterrichtsgesetz<\/a>.<\/p>\n\n\n<div class=\"lightweight-accordion\"><details><summary class=\"lightweight-accordion-title\"><span>Mitglieder des SGA<\/span><\/summary><div class=\"lightweight-accordion-body\">\n\n<ul class=\"wp-block-list\">\n<li>Schulleiter<\/li>\n\n\n\n<li>je 3 Vertreter der Lehrer, Sch\u00fcler und Eltern\/Erziehungsberechtigte<\/li>\n<\/ul>\n\n<\/div><\/details><\/div>\n\n<div class=\"lightweight-accordion\"><details><summary class=\"lightweight-accordion-title\"><span>Einberufung des SGA<\/span><\/summary><div class=\"lightweight-accordion-body\">\n\n<ul class=\"wp-block-list\">\n<li>Mind. 2 Sitzungen<\/li>\n\n\n\n<li>Mind. 14 Tage nach Neuwahlen der Vertreter<\/li>\n\n\n\n<li>Wenn 1\/3 der Mitglieder eine Sitzung beantragen<\/li>\n<\/ul>\n\n<\/div><\/details><\/div>\n\n<div class=\"lightweight-accordion\"><details><summary class=\"lightweight-accordion-title\"><span>Befugnisse des SGA<\/span><\/summary><div class=\"lightweight-accordion-body\">\n\n<p>Dem SGA obliegen Entscheidungen auf Basis der jeweiligen SchUG Paragrafen unter anderem:<\/p>\n\n\n\n<ul class=\"wp-block-list\">\n<li>\u00fcber mehrt\u00e4gige Schulveranstaltungen<\/li>\n\n\n\n<li>die Durchf\u00fchrung von Elternsprechtagen (einschlie\u00dflich der Terminfestlegung)<\/li>\n\n\n\n<li>die Hausordnung<\/li>\n\n\n\n<li>die Bewilligung zur Durchf\u00fchrung von Sammlungen<\/li>\n\n\n\n<li>die Bewilligung zur Organisierung der Teilnahme von Sch\u00fclern an Veranstaltungen<\/li>\n\n\n\n<li>Vorhaben, die der Mitgestaltung des Schullebens dienen<\/li>\n\n\n\n<li>die Erlassung schulautonomer Lehrplanbestimmungen<\/li>\n\n\n\n<li>die schulautonome Festlegung von Er\u00f6ffnungs- und Teilungszahlen, Schulzeitregelungen, \u2026<\/li>\n<\/ul>\n\n<\/div><\/details><\/div>\n\n<div class=\"lightweight-accordion\"><details><summary class=\"lightweight-accordion-title\"><span>Rechte der Elternvertreter des SGA<\/span><\/summary><div class=\"lightweight-accordion-body\">\n\n<p>Elternvertreter haben das Recht zur Teilnahme an allen Konferenzen, mit Ausnahme jener, welche ausschlie\u00dflich die Leistungsbeurteilung, die Aufstiegsberechtigung einzelner Sch\u00fcler und Sch\u00fclerinnen, dienstrechtliche Angelegenheiten der Lehrer oder die Wahl von Lehrervertretern zum Inhalt haben.<\/p>\n\n\n\n<p>Bei Konferenzen (\u201eDisziplinarkonferenz\u201c) zur Androhung des Antrages auf Ausschluss, bei Antragstellung auf Ausschluss eines Sch\u00fclers sowie Schulbuchkonferenzen haben die Eltern- und Sch\u00fclervertreter des SGA das Stimmrecht (je 3 Stimmen Eltern und Sch\u00fcler, je 1 Stimme pro Lehrer der Schule).<\/p>\n\n<\/div><\/details><\/div>\n<\/div><\/details><\/div><\/div>\n\n\n\n<div class=\"wp-block-group alignwide is-layout-flow wp-block-group-is-layout-flow\">\n<div class=\"wp-block-query is-layout-flow wp-block-query-is-layout-flow\"><ul class=\"columns-3 alignfull wp-block-post-template is-layout-grid wp-container-core-post-template-is-layout-6d3fbd8f wp-block-post-template-is-layout-grid\"><li class=\"wp-block-post post-1314 post type-post status-publish format-standard has-post-thumbnail hentry category-allgemein\">\n\n<div class=\"wp-block-group has-very-light-gray-to-cyan-bluish-gray-gradient-background has-background is-layout-flow wp-block-group-is-layout-flow\" style=\"padding-top:30px;padding-right:30px;padding-bottom:30px;padding-left:30px\"><figure class=\"wp-block-post-featured-image\"><img loading=\"lazy\" decoding=\"async\" width=\"1280\" height=\"489\" src=\"https:\/\/www.ev-brg-schloss-wagrain.at\/a\/wp-content\/uploads\/2021\/12\/versammlung_1280x489.png\" class=\"attachment-post-thumbnail size-post-thumbnail wp-post-image\" alt=\"\" style=\"object-fit:cover;\" srcset=\"https:\/\/www.ev-brg-schloss-wagrain.at\/a\/wp-content\/uploads\/2021\/12\/versammlung_1280x489.png 1280w, https:\/\/www.ev-brg-schloss-wagrain.at\/a\/wp-content\/uploads\/2021\/12\/versammlung_1280x489-300x115.png 300w, https:\/\/www.ev-brg-schloss-wagrain.at\/a\/wp-content\/uploads\/2021\/12\/versammlung_1280x489-1024x391.png 1024w, https:\/\/www.ev-brg-schloss-wagrain.at\/a\/wp-content\/uploads\/2021\/12\/versammlung_1280x489-768x293.png 768w\" sizes=\"auto, (max-width: 1280px) 100vw, 1280px\" \/><\/figure>\n\n<h2 class=\"wp-block-post-title has-medium-font-size\"><a href=\"https:\/\/www.ev-brg-schloss-wagrain.at\/a\/protokoll-der-1-sga-sitzung-2025-26-am-7-10-2025\/\" target=\"_self\" >Protokoll der 1. SGA-Sitzung 2025\/26 am 7.10.2025<\/a><\/h2>\n\n<div class=\"wp-block-post-excerpt\"><p class=\"wp-block-post-excerpt__excerpt\">Anwesende: Direktor Hr. Dipl. Ing. MMag. Manfred Kienesberger Lehrervertreter*innen: Prof. Mag. Werner HittenbergerProf. Mag. Andrea Sch\u00f6glProf. Mag. Michaela Wiesmayr Elternvertreter*innen:Gioia Schmid-SchmidsfeldenAndreas MeinhartSandra Kaiser Sch\u00fclervertreter*inen:Lena RiedlLaura ReschConstantin Wiespointner Antrag: Annahme des Protokolls der letzten SGA-Sitzung vom 21.05.2025Abstimmung: Antrag einstimmig angenommen. Tagesordnung: Allf\u00e4lliges: \u2022 Der Portfolio Award wird wieder wie gehabt vergeben\u2022 Es wird wieder \u00fcberlegt ob<\/p><p class=\"wp-block-post-excerpt__more-text\"><a class=\"wp-block-post-excerpt__more-link\" href=\"https:\/\/www.ev-brg-schloss-wagrain.at\/a\/protokoll-der-1-sga-sitzung-2025-26-am-7-10-2025\/\">weiterlesen &#8230;<\/a><\/p><\/div>\n\n<div class=\"wp-block-post-date\"><time datetime=\"2025-10-21T19:25:17+02:00\">21. Oktober 2025<\/time><\/div><\/div>\n\n<\/li><li class=\"wp-block-post post-1295 post type-post status-publish format-standard has-post-thumbnail hentry category-allgemein\">\n\n<div class=\"wp-block-group has-very-light-gray-to-cyan-bluish-gray-gradient-background has-background is-layout-flow wp-block-group-is-layout-flow\" style=\"padding-top:30px;padding-right:30px;padding-bottom:30px;padding-left:30px\"><figure class=\"wp-block-post-featured-image\"><img loading=\"lazy\" decoding=\"async\" width=\"1280\" height=\"672\" src=\"https:\/\/www.ev-brg-schloss-wagrain.at\/a\/wp-content\/uploads\/2021\/12\/shaking-hands-g7d2e475e6_1280.jpg\" class=\"attachment-post-thumbnail size-post-thumbnail wp-post-image\" alt=\"\" style=\"object-fit:cover;\" srcset=\"https:\/\/www.ev-brg-schloss-wagrain.at\/a\/wp-content\/uploads\/2021\/12\/shaking-hands-g7d2e475e6_1280.jpg 1280w, https:\/\/www.ev-brg-schloss-wagrain.at\/a\/wp-content\/uploads\/2021\/12\/shaking-hands-g7d2e475e6_1280-300x158.jpg 300w, https:\/\/www.ev-brg-schloss-wagrain.at\/a\/wp-content\/uploads\/2021\/12\/shaking-hands-g7d2e475e6_1280-1024x538.jpg 1024w, https:\/\/www.ev-brg-schloss-wagrain.at\/a\/wp-content\/uploads\/2021\/12\/shaking-hands-g7d2e475e6_1280-768x403.jpg 768w\" sizes=\"auto, (max-width: 1280px) 100vw, 1280px\" \/><\/figure>\n\n<h2 class=\"wp-block-post-title has-medium-font-size\"><a href=\"https:\/\/www.ev-brg-schloss-wagrain.at\/a\/protokoll-der-2-sga-sitzung-2024-25-am-06-02-2025\/\" target=\"_self\" >Protokoll der 2. SGA-Sitzung 2024\/25 am 6.2.2025<\/a><\/h2>\n\n<div class=\"wp-block-post-excerpt\"><p class=\"wp-block-post-excerpt__excerpt\">Anwesende:\u2022 Direktor Manfred Kienesberger\u2022 Lehrer*innen: Werner Hittenberger, Andrea Sch\u00f6gl, Michaela Wiesmayr \u2022 Sch\u00fcler*innenvertretung: Marlene Sageder, Joachim G\u00f6bl, Lena Riedl\u2022 Elternvertretung: Andreas Meinhart, Gioia Schmid-Schmidsfelden Die n\u00e4chste SGA-Sitzung findet am 21.5. um 18:30 statt. Mit freundlichen Gr\u00fc\u00dfenMag. Gioia Schmid-Schmidsfelden (Obfrau)Andreas Meinhart (Obmann-Stv.)f\u00fcr den Elternverein BRG<\/p><p class=\"wp-block-post-excerpt__more-text\"><a class=\"wp-block-post-excerpt__more-link\" href=\"https:\/\/www.ev-brg-schloss-wagrain.at\/a\/protokoll-der-2-sga-sitzung-2024-25-am-06-02-2025\/\">weiterlesen &#8230;<\/a><\/p><\/div>\n\n<div class=\"wp-block-post-date\"><time datetime=\"2025-02-14T09:16:00+01:00\">14. Februar 2025<\/time><\/div><\/div>\n\n<\/li><li class=\"wp-block-post post-1270 post type-post status-publish format-standard has-post-thumbnail hentry category-allgemein\">\n\n<div class=\"wp-block-group has-very-light-gray-to-cyan-bluish-gray-gradient-background has-background is-layout-flow wp-block-group-is-layout-flow\" style=\"padding-top:30px;padding-right:30px;padding-bottom:30px;padding-left:30px\"><figure class=\"wp-block-post-featured-image\"><img loading=\"lazy\" decoding=\"async\" width=\"1280\" height=\"398\" src=\"https:\/\/www.ev-brg-schloss-wagrain.at\/a\/wp-content\/uploads\/2021\/12\/together_1280x398.jpg\" class=\"attachment-post-thumbnail size-post-thumbnail wp-post-image\" alt=\"\" style=\"object-fit:cover;\" srcset=\"https:\/\/www.ev-brg-schloss-wagrain.at\/a\/wp-content\/uploads\/2021\/12\/together_1280x398.jpg 1280w, https:\/\/www.ev-brg-schloss-wagrain.at\/a\/wp-content\/uploads\/2021\/12\/together_1280x398-300x93.jpg 300w, https:\/\/www.ev-brg-schloss-wagrain.at\/a\/wp-content\/uploads\/2021\/12\/together_1280x398-1024x318.jpg 1024w, https:\/\/www.ev-brg-schloss-wagrain.at\/a\/wp-content\/uploads\/2021\/12\/together_1280x398-768x239.jpg 768w\" sizes=\"auto, (max-width: 1280px) 100vw, 1280px\" \/><\/figure>\n\n<h2 class=\"wp-block-post-title has-medium-font-size\"><a href=\"https:\/\/www.ev-brg-schloss-wagrain.at\/a\/generalversammlung-2024-2025\/\" target=\"_self\" >Generalversammlung 2024\/2025<\/a><\/h2>\n\n<div class=\"wp-block-post-excerpt\"><p class=\"wp-block-post-excerpt__excerpt\">F\u00fcr alle die nicht teilnehmen konnten &#8230;<\/p><p class=\"wp-block-post-excerpt__more-text\"><a class=\"wp-block-post-excerpt__more-link\" href=\"https:\/\/www.ev-brg-schloss-wagrain.at\/a\/generalversammlung-2024-2025\/\">weiterlesen &#8230;<\/a><\/p><\/div>\n\n<div class=\"wp-block-post-date\"><time datetime=\"2024-11-13T21:58:05+01:00\">13. November 2024<\/time><\/div><\/div>\n\n<\/li><\/ul><\/div>\n<\/div>\n","protected":false},"excerpt":{"rendered":"","protected":false},"author":2,"featured_media":0,"parent":0,"menu_order":0,"comment_status":"closed","ping_status":"closed","template":"","meta":{"footnotes":""},"class_list":["post-995","page","type-page","status-publish","hentry"],"blocksy_meta":{"page_title_panel":"","has_hero_section":"disabled","eefcb79b35cc4d107e1ad6b9f28091f9":"","hero_section":"type-1","hero_elements":[{"id":"custom_title","enabled":true,"heading_tag":"h1","title":"Startseite"},{"id":"custom_description","enabled":true,"description_visibility":{"desktop":true,"tablet":true,"mobile":false}},{"id":"custom_meta","enabled":false,"meta_elements":[{"id":"author","enabled":true,"label":"Von","has_author_avatar":"yes","avatar_size":25},{"id":"post_date","enabled":true,"label":"Am","date_format_source":"default","date_format":"M j, Y"},{"id":"updated_date","enabled":false,"label":"Am","date_format_source":"default","date_format":"M j, Y"},{"id":"categories","enabled":false,"label":"In","style":"simple"},{"id":"comments","enabled":true}],"page_meta_elements":{"joined":true,"articles_count":true,"comments":true}},{"id":"breadcrumbs","enabled":false}],"aad4c4d10c4487214827e66f09c850c4":"","hero_alignment1":"CT_CSS_SKIP_RULE","hero_margin":40,"hero_alignment2":"center","hero_vertical_alignment":"center","b22c8d4bc842e4a0e1166ab05773fc95":"","hero_structure":"narrow","e16f55b63908084207033b7ea948370b":"","page_title_bg_type":"featured_image","custom_hero_background":{"attachment_id":null},"page_title_image_size":"full","parallax":{"desktop":false,"tablet":false,"mobile":false},"6cb4bb9b672384d3d668785d736bc047":"","hero_height":"250px","pageTitleFont":{"family":"Default","variation":"Default","size":"30px","line-height":"CT_CSS_SKIP_RULE","letter-spacing":"CT_CSS_SKIP_RULE","text-transform":"CT_CSS_SKIP_RULE","text-decoration":"CT_CSS_SKIP_RULE"},"pageTitleFontColor":{"default":{"color":"CT_CSS_SKIP_RULEDEFAULT"}},"pageMetaFont":{"family":"Default","variation":"n6","size":"12px","line-height":"1.3","letter-spacing":"CT_CSS_SKIP_RULE","text-transform":"uppercase","text-decoration":"CT_CSS_SKIP_RULE"},"pageMetaFontColor":{"default":{"color":"CT_CSS_SKIP_RULEDEFAULT"},"hover":{"color":"CT_CSS_SKIP_RULEDEFAULT"}},"page_meta_button_type_font_colors":{"default":{"color":"CT_CSS_SKIP_RULEDEFAULT"},"hover":{"color":"CT_CSS_SKIP_RULEDEFAULT"}},"page_meta_button_type_background_colors":{"default":{"color":"CT_CSS_SKIP_RULEDEFAULT"},"hover":{"color":"CT_CSS_SKIP_RULEDEFAULT"}},"pageExcerptFont":{"family":"Default","variation":"Default","size":"CT_CSS_SKIP_RULE","line-height":"CT_CSS_SKIP_RULE","letter-spacing":"CT_CSS_SKIP_RULE","text-transform":"CT_CSS_SKIP_RULE","text-decoration":"CT_CSS_SKIP_RULE"},"pageExcerptColor":{"default":{"color":"CT_CSS_SKIP_RULEDEFAULT"}},"breadcrumbsFont":{"family":"Default","variation":"Default","size":"CT_CSS_SKIP_RULE","line-height":"CT_CSS_SKIP_RULE","letter-spacing":"CT_CSS_SKIP_RULE","text-transform":"CT_CSS_SKIP_RULE","text-decoration":"CT_CSS_SKIP_RULE"},"breadcrumbsFontColor":{"default":{"color":"CT_CSS_SKIP_RULEDEFAULT"},"initial":{"color":"CT_CSS_SKIP_RULEDEFAULT"},"hover":{"color":"CT_CSS_SKIP_RULEDEFAULT"}},"pageTitleOverlay":{"background_type":"color","background_pattern":"type-1","background_image":{"attachment_id":null,"x":0,"y":0},"gradient":"linear-gradient(135deg,rgba(6,147,227,1) 0%,rgb(155,81,224) 100%)","background_repeat":"repeat","background_size":"auto","background_attachment":"scroll","patternColor":{"default":{"color":"#e5e7ea"}},"overlayColor":{"default":{"color":"CT_CSS_SKIP_RULE"}},"backgroundColor":{"default":{"color":"CT_CSS_SKIP_RULE"}}},"pageTitleBackground":{"background_type":"color","background_pattern":"type-1","background_image":{"attachment_id":null,"x":0,"y":0},"gradient":"linear-gradient(135deg,rgba(6,147,227,1) 0%,rgb(155,81,224) 100%)","background_repeat":"repeat","background_size":"auto","background_attachment":"scroll","patternColor":{"default":{"color":"#e5e7ea"}},"overlayColor":{"default":{"color":"CT_CSS_SKIP_RULE"}},"backgroundColor":{"default":{"color":"var(--theme-palette-color-6)"}}},"pageTitlePadding":{"top":"50px","bottom":"50px","left":"auto","right":"auto","linked":true},"35ad81c89adfaac4eb4ae2f5f083ce30":"","page_structure_type":"default","2de4a59e199f4a1b2341d374364448d1":"","content_style_source":"inherit","content_style":"wide","vertical_spacing_source":"inherit","content_area_spacing":"both","background":{"background_type":"color","background_pattern":"type-1","background_image":{"attachment_id":null,"x":0,"y":0},"gradient":"linear-gradient(135deg,rgba(6,147,227,1) 0%,rgb(155,81,224) 100%)","background_repeat":"repeat","background_size":"auto","background_attachment":"scroll","patternColor":{"default":{"color":"#e5e7ea"}},"overlayColor":{"default":{"color":"CT_CSS_SKIP_RULE"}},"backgroundColor":{"default":{"color":"CT_CSS_SKIP_RULE"}}},"content_background":{"background_type":"color","background_pattern":"type-1","background_image":{"attachment_id":null,"x":0,"y":0},"gradient":"linear-gradient(135deg,rgba(6,147,227,1) 0%,rgb(155,81,224) 100%)","background_repeat":"repeat","background_size":"auto","background_attachment":"scroll","patternColor":{"default":{"color":"#e5e7ea"}},"overlayColor":{"default":{"color":"CT_CSS_SKIP_RULE"}},"backgroundColor":{"default":{"color":"var(--theme-palette-color-8)"}}},"content_boxed_shadow":{"inherit":false,"blur":18,"spread":-6,"v_offset":12,"h_offset":0,"inset":false,"enable":true,"color":{"color":"rgba(34, 56, 101, 0.04)"}},"content_boxed_border":{"width":1,"style":"none","color":{"color":"rgba(44,62,80,0.2)"}},"content_boxed_radius":{"top":"3px","bottom":"3px","left":"3px","right":"3px","linked":true},"boxed_content_spacing":{"desktop":{"top":"40px","bottom":"40px","left":"40px","right":"40px","linked":true},"tablet":{"top":"35px","bottom":"35px","left":"35px","right":"35px","linked":true},"mobile":{"top":"20px","bottom":"20px","left":"20px","right":"20px","linked":true}},"6fee076b2030d7e5e51d04ae6045492c":"","disable_featured_image":"no","disable_share_box":"no","disable_header":"no","disable_footer":"no","styles_descriptor":{"styles":{"desktop":"","tablet":"","mobile":""},"google_fonts":[],"version":6}},"_links":{"self":[{"href":"https:\/\/www.ev-brg-schloss-wagrain.at\/a\/wp-json\/wp\/v2\/pages\/995","targetHints":{"allow":["GET"]}}],"collection":[{"href":"https:\/\/www.ev-brg-schloss-wagrain.at\/a\/wp-json\/wp\/v2\/pages"}],"about":[{"href":"https:\/\/www.ev-brg-schloss-wagrain.at\/a\/wp-json\/wp\/v2\/types\/page"}],"author":[{"embeddable":true,"href":"https:\/\/www.ev-brg-schloss-wagrain.at\/a\/wp-json\/wp\/v2\/users\/2"}],"replies":[{"embeddable":true,"href":"https:\/\/www.ev-brg-schloss-wagrain.at\/a\/wp-json\/wp\/v2\/comments?post=995"}],"version-history":[{"count":48,"href":"https:\/\/www.ev-brg-schloss-wagrain.at\/a\/wp-json\/wp\/v2\/pages\/995\/revisions"}],"predecessor-version":[{"id":1286,"href":"https:\/\/www.ev-brg-schloss-wagrain.at\/a\/wp-json\/wp\/v2\/pages\/995\/revisions\/1286"}],"wp:attachment":[{"href":"https:\/\/www.ev-brg-schloss-wagrain.at\/a\/wp-json\/wp\/v2\/media?parent=995"}],"curies":[{"name":"wp","href":"https:\/\/api.w.org\/{rel}","templated":true}]}}